Let o be (3 + 1 - -1186)*(8 - 7). Calculate the highest common factor of 34 and o.
34
Let j(w) be the first derivative of 3*w**2/2 + 28*w + 13. Let t be j(-5). What is the greatest common factor of 39 and t?
13
Let i be (1 + 2 + -2)*30. Suppose 0 = -9*g + 4*g - 5*p + 75, g - 4*p = i. Suppose -12*v + 8*v = -504. What is the highest common factor of v and g?
18
Suppose 0 = 5*b - 15. Suppose b*j = j + 2*x + 22, -2*j = -4*x - 20. What is the greatest common divisor of j and 12?
12
Let s be 24/(-16)*(-122)/3 + 1. What is the highest common factor of s and 248?
62
Let w be ((-6)/18)/((-2)/30). Suppose -2*r - w*c + 20 = -r, 3*r + c = 4. Suppose 7*p - 3*p - 28 = r. What is the highest common divisor of 7 and p?
7
Suppose 3*s + 6 = 6*s. Suppose -54 = -i + 2*d, -3*i + 183 = -d + s*d. What is the greatest common factor of i and 24?
12
Let l be (-3)/12 - (-36)/16. Suppose -5*a = -l*q - 290, a - 140 = q - 4*a. Let z be (12/10)/((-12)/q). What is the highest common factor of z and 3?
3
Let r(o) = -o**2 - 26*o - 62. Let g be r(-23). What is the greatest common factor of g and 49?
7
Let z be (-17)/(136/176)*(-2 - 15). What is the highest common divisor of z and 22?
22
Let f = 28 - 11. Let d(n) = 4*n**2 + 6*n - 1. Let s be d(-3). What is the highest common divisor of f and s?
17
Let z be (-2)/(-9) + (50/45)/(-5). Suppose -2*h - 8 = z, 5*q = -2*h - h - 7. Let u = 5 + -1. What is the greatest common factor of q and u?
1
Suppose 3*z - 8*z - 280 = 0. Let l be (z/(-10))/(22/275). What is the greatest common factor of l and 10?
10
Let r be ((-8)/(-5))/(-2)*(-45)/6. Let c = 18 + -9. What is the greatest common factor of c and r?
3
Let n(j) = -j - 2. Let b be n(-8). Let t(z) = -2*z**2 + 37*z + 30. Let l be t(18). Calculate the highest common factor of l and b.
6
Suppose 8 = l + 7. Let q be l + (1 - 28/(-4)). Let j be (3/q)/(1/48). Calculate the greatest common factor of j and 4.
4
Let v(c) = 48*c**2 + 2*c - 1. Let i be v(1). Let q = i + -74. Let r = -6 - q. What is the greatest common factor of r and 171?
19
Suppose c + c = a + 11, -3*a + 7 = 4*c. Let g be a*((-43)/3 + 5). What is the highest common factor of 224 and g?
28
Let k(d) = d**2 - 23*d - 308. Let x be k(-12). Let t(g) = -g + 16. Let m be t(0). What is the greatest common factor of m and x?
16
Suppose 0 = 2*m + 2*m - 748. Suppose -4*d - 338 = -5*n - 2*d, 3*d + 133 = 2*n. Let c be ((-3)/6)/((-2)/n). Calculate the greatest common divisor of m and c.
17
Let b = -758 - -1609. Calculate the greatest common factor of 37 and b.
37
Let i be (5 + -8)/(9/6) + 13. Let m(h) be the second derivative of h**3/6 - 2*h**2 - h. Let w be m(i). What is the greatest common factor of w and 1?
1
Let y = -18 - -40. Let w be (-16)/(-88) - 97*(-2)/y. Calculate the highest common divisor of w and 12.
3
Let n(m) = m**3 - m**2 + 252. Let a be n(0). Suppose 10*g + 112 = 14*g. What is the highest common factor of g and a?
28
Let j(q) = 31*q**2 + 5*q + 2. Let b be j(-3). Let t = b - 133. Suppose 5*g + 2*p - 116 = -15, 4*g + 2*p - 82 = 0. What is the highest common divisor of t and g?
19
Suppose b = -0*b - 16. Let i be (16/b)/((-1)/37). Let r be (-4666)/(-14) - (-10)/(-35). What is the highest common divisor of i and r?
37
Suppose -4*h = 10*q - 380, -9 + 4 = -h. What is the highest common factor of 1572 and q?
12
Suppose -9 = -8*i + 5*i. Let u = i + 2. Suppose -u*m + 9*m = 184. What is the highest common divisor of 115 and m?
23
Let j = 2000 + -1703. What is the greatest common factor of j and 243?
27
Let o(k) = 3*k + 15. Let p be o(7). Let d = 8 + p. Calculate the greatest common divisor of d and 4.
4
Suppose -8*h + 254 = -58. What is the greatest common divisor of 663 and h?
39
Suppose -3*o + 14 = -o - 3*y, 2*y = 0. Suppose -o*p = -p - 108. Calculate the greatest common factor of p and 18.
18
Let s(a) = 16*a**2 - 2*a. Suppose 15 = -13*z - 2*z. Let t be s(z). What is the greatest common factor of t and 36?
18
Let s(g) = 2*g**3 - g**2 + 4*g - 3. Let k = 1 - -1. Let y be s(k). Let a = y - -3. What is the greatest common factor of 60 and a?
20
Suppose v + 4*m + 14 = 0, -3*v - 2*m = 3*m + 42. Let b be 38/5*210/84. Let l = b + v. What is the highest common factor of l and 5?
5
Let h(i) = 2*i**2 - 9*i - 4. Let x be h(5). Let g(u) = -x + u - 1 + 17 - 2. Let m be g(17). Calculate the greatest common divisor of 150 and m.
30
Suppose -r + 3*g - g + 11 = 0, -9 = -3*g. What is the greatest common divisor of 1020 and r?
17
Let s(k) = -18*k**3 - k + 1. Let b be s(1). Let x = b + 20. Suppose -3*j - 2*g = -47, x*j = -0*j - g + 31. Calculate the highest common factor of j and 120.
15
Suppose 7 = 2*a + f, 5*a + 0 - 12 = 3*f. Suppose -76 - 68 = -a*j. Let i be ((-32)/10)/((-2)/10). What is the highest common divisor of j and i?
16
Suppose -5*n = 42*n - 57293. Calculate the highest common factor of 23 and n.
23
Suppose 0 = n - 3*v - 198, -2*v - 1208 = -4*n - 376. Calculate the greatest common factor of 21 and n.
21
Let u be -189*((-42)/18 + -1). Calculate the greatest common factor of u and 30.
30
Suppose 0 = 3*n - 4*s - 74, 3*n - 2*s + 18 = 88. Let u = n + 0. Let f = 0 - -2. What is the greatest common divisor of f and u?
2
Suppose 6*s - 18 = 6. Suppose -2*n = 2, -2*g + s = -5*n - 15. Calculate the greatest common divisor of g and 49.
7
Suppose -3*a + 9 = o - 0*a, 33 = 5*o + 3*a. What is the highest common factor of 162 and o?
6
Let j(n) = -50*n**3 + n**2 + 5*n + 14. Let l be j(-2). Calculate the highest common factor of l and 51.
51
Let t = -1 + 2. Suppose 5*d + 4 = -f, -4*f - 3*d + 0 = -t. What is the greatest common factor of 1 and f?
1
Let z(l) = 7*l - 5*l**2 - 4 + l**3 + l**2 + l. Let w be z(4). What is the highest common factor of 112 and w?
28
Let y be (150/5)/(-10)*(-5)/3. Calculate the greatest common factor of 55 and y.
5
Let d = -81 + 51. Let k = d + 47. Calculate the greatest common divisor of 187 and k.
17
Suppose 0 = -483*i + 488*i - 105. Calculate the highest common divisor of i and 189.
21
Let a be ((-114)/(-8))/((-11)/(-44)). What is the highest common factor of a and 76?
19
Suppose 46 = -3*u - 8. Let c be 24 + u + 4/1. What is the greatest common divisor of 70 and c?
10
Suppose -5*n + 25 = -h - 3*h, 16 = n - 3*h. Suppose 0 = -4*k + 52 - 32. Suppose 25 = k*s, u = -3*u + 5*s - 21. What is the highest common divisor of n and u?
1
Let f be (-1 - 6/(-3))/((-6)/(-18)). Calculate the highest common factor of f and 4.
1
Let z be (-2 - (-8)/4)*(0 - 1). Suppose 2*h - 42 = -3*v, 4*v - v - h - 42 = z. Calculate the greatest common factor of v and 2.
2
Let y be ((-143)/572)/(2/(-96)). What is the greatest common divisor of y and 188?
4
Let g be (-102)/85 + 782/10. Calculate the highest common factor of 42 and g.
7
Suppose 1152 = 53*c - 21*c. Calculate the highest common factor of c and 32.
4
Suppose n = -4*n + 760. Calculate the highest common divisor of n and 57.
19
Let f be (36/4 - (-2 - 0))/1. Suppose 0 = -6*k + 7*k - f. Calculate the highest common factor of k and 66.
11
Let r(x) = -27*x**2 - 208*x - 18. Let b be r(-7). Suppose 0 = l - 15 - 8. Calculate the highest common divisor of l and b.
23
Let z(u) = -u**2 + 46*u - 45. Let q be z(43). Calculate the highest common divisor of q and 63.
21
Let c(v) = 2*v**2 - 18*v - 127. Let s be c(-5). Let a(t) = -4 - 3*t + 0 + 3 + 4*t**2. Let n be a(3). Calculate the highest common divisor of s and n.
13
Suppose -4*w = 5*y - 185 - 1553, 3*w = -2*y + 691. What is the highest common divisor of 14 and y?
14
Suppose 34*h - 641 = 39. What is the greatest common factor of 130 and h?
10
Let j(w) = 47*w**2 - 27*w - 151. Let h be j(-5). What is the highest common divisor of 61 and h?
61
Suppose -7*m + 6*m + 30 = 0. Suppose -3*j + 27 = -0*j. Suppose 6 = r - j. Calculate the greatest common divisor of r and m.
15
Let o = 26 + 42. Suppose -4*g = -24 - o. Let s be 1 - (1 + (-92)/4). Calculate the highest common factor of s and g.
23
Let d be 147/(-42)*(1 + -9). Calculate the highest common divisor of 154 and d.
14
Let d be (4 - 1) + 3 - -2. Calculate the highest common divisor of d and 424.
8
Let g = 23 - 16. Let a(y) = y - 2. Let j be a(2). Suppose 0 = -o + 5*x + 53 + 3, -2*x = j. What is the greatest common factor of o and g?
7
Suppose -3*v - 2*v = -10. Suppose -4*y = -v*y - 4. Let d be 2448/240 + 3*(0 + 3/(-45)). What 